mine v(5).
-15
Let p(u) = 6*u**3 + 49*u**2 + 2*u - 44. Calculate p(-8).
4
Let g(n) = n**2 - 8*n - 20. Calculate g(9).
-11
Let g(v) = -v**2 - 8*v + 15. What is g(-10)?
-5
Let q(y) = -2*y**2 + 20*y - 2. Determine q(15).
-152
Let z(j) = j**2 + 2*j + 3. Determine z(-2).
3
Let d(t) = 62*t + 2670. Determine d(-43).
4
Let q(t) = t**3 - 8*t**2 + 6*t - 3. What is q(7)?
-10
Let j(v) = -3*v**2 - 10*v + 10. Determine j(1).
-3
Let t(y) = -y**3 - 12*y**2 - 12*y - 15. Give t(-11).
-4
Let f(w) = w**2 - 6. Calculate f(-4).
10
Let t(x) = x**2 - 4*x + 16. Calculate t(-8).
112
Let r(k) = k**3 + k**2 - 2*k + 4. Determine r(3).
34
Let t(b) = -2*b + 22. What is t(13)?
-4
Let k(i) = 2*i**3 + 7*i**2 + 4. Give k(-4).
-12
Let h(o) = o**2 - 15*o - 35. What is h(19)?
41
Let l(i) = 2*i**3 - 2*i**2 + 7*i - 9. Give l(2).
13
Let m(f) = -61*f - 324. What is m(-5)?
-19
Let a(k) = -k**2 + k + 50. What is a(0)?
50
Let a(w) = -19*w - 10. What is a(8)?
-162
Let l(c) = -c**2 - 8*c + 3. Give l(-8).
3
Let h(g) = -g**2 + 12. What is h(8)?
-52
Let q(y) = -y**2 + 22*y - 30. What is q(18)?
42
Let k(x) = -2*x**3 - 4*x**2 + x + 5. Determine k(-4).
65
Let c(v) = 8*v - 3. What is c(-1)?
-11
Let f(j) = 33*j - 270. Determine f(8).
-6
Let c(f) = -7*f**2 - f. Determine c(-1).
-6
Let c(g) = -12*g**2 - 2*g. Give c(-1).
-10
Let l(r) = -2*r**3 - r**2 + 3*r + 3. Calculate l(-2).
9
Let f(l) = -3*l - 35. Give f(-13).
4
Let p(n) = -n**2 - 3*n + 8. Give p(0).
8
Let j(t) = t**3 + 9*t**2 + 18*t + 7. Give j(-7).
-21
Let f(p) = -p**3 - 7*p**2 + 11*p + 16. Calculate f(-8).
-8
Let s(b) = b**3 + b**2 - 2*b + 2. Determine s(2).
10
Let g(c) = -c**3 + 10*c**2 - 18*c + 12. Give g(8).
-4
Let l(g) = 29*g - 34. Give l(3).
53
Let d(p) = 62*p**3 + p**2 - p + 1. Calculate d(1).
63
Let i(y) = 10*y + 6. Give i(-2).
-14
Let q(o) = -o**2 - 7*o + 12. What is q(-9)?
-6
Let n(v) = v**2 + 15*v + 10. Give n(-15).
10
Let x(l) = -l**2 - 11*l - 13. Calculate x(0).
-13
Let y(k) = -k**2 - 3*k + 1. Calculate y(1).
-3
Let s(g) = -g**3 + 11*g**2 + 8*g + 6. Calculate s(12).
-42
Let o(m) = 5*m**3 - 55*m**2 - 1. What is o(11)?
-1
Let k(o) = o**3 + 7*o**2 - 4*o - 6. Calculate k(-7).
22
Let b(y) = 6*y**2 - 4*y - 2. Calculate b(6).
190
Let u(h) = -2*h**3 + 16*h**2 + 2*h - 3. Calculate u(7).
109
Let z(s) = -2*s**3 + 3*s**2 - s + 1. Give z(2).
-5
Let d(n) = 107*n**2 - 2*n - 1. Give d(-1).
108
Let p(s) = 219*s + 430. Calculate p(-2).
-8
Let q(k) = -k**2 + 3*k - 1. Give q(2).
1
Let m(o) = -13*o - 40. What is m(-4)?
12
Let y(o) = 10*o**2 + 1. Determine y(-2).
41
Let w(i) = -i**3 - 5*i**2 + 2*i - 5. Give w(-4).
-29
Let x(z) = -2*z**2 - 28*z - 19. What is x(-14)?
-19
Let f(b) = b**3 - 6*b**2 + 6*b + 3. Determine f(5).
8
Let t(x) = x**3 - 11*x**2 + x. What is t(11)?
11
Let o(u) = -6*u + 3. What is o(0)?
3
Let p(k) = -k**2 - 15*k + 1. What is p(-14)?
15
Let y(j) = -j**2 + 5*j - 15. Calculate y(3).
-9
Let r(k) = k**2 - 19*k - 155. Give r(25).
-5
Let a(o) = -o**3 + 22*o**2 - 2*o + 32. Give a(22).
-12
Let i(b) = -3*b - 34. Determine i(-11).
-1
Let z(f) = -f**3 + 8*f**2 - 8*f - 1. Determine z(7).
-8
Let t(g) = -2*g + 31. What is t(10)?
11
Let z(f) = 11*f**2 - 4*f - 2. What is z(-1)?
13
Let w(u) = u**2 - 15*u - 3. What is w(15)?
-3
Let t(f) = -f**2 + 3*f - 19. Determine t(4).
-23
Let w(d) = d**3 + 3*d**2 - d. What is w(-3)?
3
Let s(d) = -3*d**2 - d. Calculate s(-3).
-24
Let p(u) = u + 21. What is p(-15)?
6
Let p(s) = -9*s - 14. Determine p(-2).
4
Let i(r) = -r**2 + 21*r + 30. Calculate i(20).
50
Let o(r) = 3*r**3 + 3*r**2 + 2*r. Give o(-2).
-16
Let n(z) = 2*z - 8. What is n(-11)?
-30
Let z(v) = 4*v + 9. Calculate z(-7).
-19
Let u(b) = -b - 21. Calculate u(7).
-28
Let s(y) = -5*y + 22. Determine s(4).
2
Let p(g) = 2*g + 5. Calculate p(9).
23
Let r(t) = t**3 + 15*t**2 - 35*t - 23. Calculate r(-17).
-6
Let k(j) = j**3 + 3*j**2 - 7*j + 3. Determine k(-4).
15
Let u(g) = -2*g - 25. Determine u(-8).
-9
Let j(z) = -2*z**2 - 15*z + 15. Determine j(-8).
7
Let z(n) = 2*n**2 - 35*n - 20. Give z(18).
-2
Let v(a) = -8*a - 99. Calculate v(-12).
-3
Let w(z) = z**3 + 4*z**2 - 7*z + 1. Calculate w(-5).
11
Let s(k) = 3*k**2 + 5*k + 5. Determine s(-4).
33
Let x(y) = -7*y**3 - 2*y + 2. Calculate x(1).
-7
Let n(x) = 2*x**3 - 7*x**2 + 3*x - 6. Give n(3).
-6
Let j(t) = -2*t + 46. What is j(31)?
-16
Let q(r) = 13*r - 63. What is q(5)?
2
Let z(v) = 3*v - 5. Determine z(7).
16
Let q(l) = l**2 + 14*l. What is q(-10)?
-40
Let b(h) = -5*h**2 - 8*h - 3. Give b(-2).
-7
Let r(h) = 13*h**2 - 103*h - 2. Calculate r(8).
6
Let q(l) = 10*l + 83. Give q(-9).
-7
Let b(n) = 3*n**2 + 16*n - 10. Give b(-6).
2
Let w(p) = -p**2 - p + 15. Determine w(0).
15
Let z(t) = t**2 + 2*t + 12. Determine z(0).
12
Let k(c) = 3*c**3 + 6*c**2 + 3*c - 3. Give k(-2).
-9
Let v(s) = 2*s - 4. Determine v(8).
12
Let r(y) = -7*y - 6. What is r(-2)?
8
Let p(c) = 47*c + 22. Give p(4).
210
Let a(r) = r**2 - 7*r + 8. Determine a(7).
8
Let w(q) = -q**3 - 14*q**2 - 14*q - 23. Give w(-13).
-10
Let l(j) = -j**3 - 4*j**2 - 2*j - 6. What is l(-3)?
-9
Let w(a) = -2*a**3 - 9*a**2 + 7*a + 15. Calculate w(-5).
5
Let j(w) = -2*w**2 - 24*w + 10. Give j(-13).
-16
Let z(k) = k**2 - 22*k + 41. Calculate z(23).
64
Let h(u) = -u**2 + 12*u - 35. Determine h(5).
0
Let i(y) = -y**2 - 10*y - 14. Determine i(-5).
11
Let j(q) = -5*q**3 + 45*q**2 - 1. What is j(9)?
-1
Let r(t) = t**2 + 4*t - 6. Determine r(6).
54
Let o(n) = 6*n**2 - 7*n - 7. Give o(-2).
31
Let q(o) = o**2 + 3*o - 44. What is q(6)?
10
Let t(j) = -12*j + 85. Give t(7).
1
Let q(v) = v**3 + 16*v**2 + 13*v - 37. What is q(-15)?
-7
Let j(n) = n**2 + 14*n - 9. Give j(-14).
-9
Let w(n) = -n**3 + 15*n**2 - 15. Calculate w(15).
-15
Let q(o) = -o**3 + 23*o**2 - 25*o + 41. Determine q(22).
-25
Let v(x) = x**3 - 5*x**2 + 8*x - 6. Determine v(3).
0
Let k(o) = o**3 - o**2 + o - 7. Determine k(3).
14
Let j(d) = d**2 + 91*d + 17. Calculate j(0).
17
Let p(m) = -m**3 - m - 38. Give p(0).
-38
Let b(k) = 44*k**2 + 81*k. What is b(-2)?
14
Let d(x) = -x**2 + 2*x + 1. Give d(0).
1
Let s(d) = 24*d - 2. Determine s(-2).
-50
Let a(x) = -x + 4. Calculate a(-13).
17
Let f(v) = v**3 - 9*v**2 - 14*v - 8. Determine f(10).
-48
Let w(h) = -12*h - 3. Give w(1).
-15
Let t(i) = -i**2 + 26*i + 190. Determine t(-6).
-2
Let c(m) = -6*m**2 + m + 6. What is c(3)?
-45
Let v(b) = -13*b - 11. Give v(-5).
54
Let m(a) = 25*a - 142. Calculate m(6).
8
Let w(j) = -18*j**2. Give w(-1).
-18
Let r(g) = -2*g**3 - 12*g**2 + 4*g - 15. What is r(-7)?
55
Let l(o) = o**3 + 7*o**2 + 3*o. What is l(-7)?
-21
Let v(c) = -c**3 + 2*c**2 + 6*c - 4. Determine v(-3).
23
Let r(w) = w**3 + 7*w**2 - 10*w + 14. Give r(-8).
30
Let j(s) = 3*s - 3. Give j(-3).
-12
Let k(l) = l**2 - 7*l + 7. Calculate k(6).
1
Let k(u) = 26*u**2 - 2*u - 2. Calculate k(-2).
106
Let u(l) = l**2 - 5*l + 25. What is u(5)?
25
Let x(i) = -i**2 + 7*i - 3. Give x(4).
9
Let n(y) = 3*y - 128. Give n(43).
1
Let l(x) = -x**2 - 6*x + 20. Give l(-8).
4
Let s(z) = 9*z**2 - 1. What is s(-1)?
8
Let j(o) = o**3 + 10*o**2 - o - 12. Give j(-10).
-2
Let p(j) = 3*j - 35. Calculate p(15).
10
Let s(h) = 6*h**3 + 2*h**2 + 6*h + 5. What is s(-1)?
-5
Let m(f) = f**3 - 2*f**2 - 8*f - 5. What is m(0)?
-5
Let y(m) = m**3 + 3*m**2 - 27*m - 13. Give y(-6).
41
Let v(t) = t**3 + 2*t**2 + 3*t. Determine v(-3).
-18
Let c(g) = g**2 - 9*g + 11. Give c(7).
-3
Let c(n) = -n**3 - 25*n**2 - 46*n + 25. Calculate c(-23).
25
Let b(a) = -24*a - 3. Calculate b(4).
-99
Let b(s) = -7*s - 160. Calculate b(-24).
8
Let v(y) = y**2 - 9*y + 14. What is v(4)?
-6
Let m(n) = n**2 - 7*n - 4. Give m(-8).
116
Let g(v) = 2*v**3 + 10*v**2 - 3*v - 5. Determine g(-5).
10
Let o(a) = a**3 - 15*a**2 + 5*a - 36. Calculate o(15).
39
Let d(w) = -w**2 + 8*w + 9. Give d(11).
-24
Let l(r) = -5*r - 54. What is l(-9)?
-9
Let d(i) = 2*i**2 + 10*i - 14. What is d(-6)?
-2
Let b(d) = 2*d + 10. Give b(-2).
6
Let n(g) = 6*g + 63. What is n(0)?
63
Let z(y) = -10*y - 14. What is z(-2)?
6
Let q(y) = -y**3 + 27*y**2 + y + 8. Give q(27).
35
Let k(x) = 7*x**3 + 3*x**2 - 3*x + 2. Determine k(2).
64
Let l(g) = g**2 - g - 2. Determine l(2).
0
Let w(q) = q**2 + 4*q - 3. What is w(-8)?
29
Let v(k) = -5*k**3 - k**2 - 3*k - 2. Determine v(-1).
5
Let w(z) = -2*z**2 - 7*z + 6. Give w(-8).
-66
Let r(n) = -30*n + 183. Determine r(6).
3
Let h(w) = -2*w + 2. Calculate 